of d and u?
55
Suppose -4*j = -285 - 179. Let x = j - -220. Suppose 2*c - 185 = 5*l, 5*c + 2*l = x + 141. What is the highest common factor of 19 and c?
19
Suppose -2*w - 1008 = -5*z - 922, w = -3*z + 67. Calculate the highest common divisor of 3110 and z.
10
Suppose 194*i - 191*i - 2313 = 3*r, 5*i + 4*r = 3882. What is the highest common factor of 301 and i?
43
Let d be (0 - -1)/(28 - (-53180)/(-1900)). Calculate the greatest common factor of 19 and d.
19
Let o be ((-90)/81)/((-22)/(-495)*-5). What is the greatest common divisor of o and 14045?
5
Suppose z + 31*k - 36*k = 899, 3*z = -3*k + 2859. What is the greatest common divisor of z and 767?
59
Suppose 30*i - 8584 = -1864. Let u(z) = -2*z**3 - 4*z**2 - z - 4. Let a be u(-4). Calculate the greatest common factor of a and i.
32
Suppose 0 = -z + 3*d + 2*d + 453, -d + 1279 = 3*z. Let p = z + -148. Calculate the greatest common factor of p and 105.
35
Let q be (-180)/(-10) + 1078/49. Let w(m) = m**2 + 2*m - 7. Suppose 2*i + 10 = -0*i. Let l be w(i). What is the highest common factor of q and l?
8
Suppose -4*f + 14 = -10. Suppose 6*y = -6 - f. Let n be ((-18)/27)/(y/18). Calculate the highest common factor of n and 42.
6
Suppose -3*r + 185 = 5*k, k = r - 9 + 38. Let s = 110 - 108. Suppose 6*l - 93 = -2*f + l, f = -s*l + 44. Calculate the greatest common factor of f and k.
34
Let t be (-26)/143 + 2066/(-11). Let u = -168 - t. What is the greatest common factor of 25 and u?
5
Suppose -8*l = -7*l - 3*a - 65, -5*a - 207 = -3*l. Let n = l - 35. What is the highest common divisor of n and 26?
13
Let g(x) be the first derivative of 9*x**2/2 - 198*x + 135. Let a be g(24). What is the greatest common factor of 72 and a?
18
Let r = -3823 - -3831. Calculate the highest common factor of 50 and r.
2
Suppose 5*q - 5 = 0, -z + q - 8 = -4. Let j be 20 - (-3 + z - 1). What is the greatest common divisor of j and 18?
9
Let x(r) = -r - 8. Suppose -6 = 4*z - 14. Let t be x(z). Let q be 73 + t/5 + 3*-1. What is the greatest common divisor of 17 and q?
17
Suppose -3*t = 5*g - 1288, 0 = -3*g + 5*t + 635 + 199. What is the highest common factor of g and 1841?
263
Suppose 2*c + 2*w = 3*w + 4196, w + 10484 = 5*c. Calculate the highest common divisor of 16 and c.
16
Suppose 0 = -164*y + 175*y - 105501. Let w be (-1 - (1 + -7))*y/695. What is the highest common divisor of 483 and w?
69
Let m = 228 + -178. Let g(l) = -l**3 - l**2 + 45. Let c be g(0). Let f = m - c. Calculate the greatest common factor of 5 and f.
5
Let b be 6615/75 + -12 - 4/(-5). What is the greatest common divisor of b and 2079?
77
Let o(d) = 3*d - 2*d**2 + d**2 + 5*d - 3*d + 2 + 4*d**3. Let f be o(2). Calculate the highest common factor of 8 and f.
8
Let u(f) = 8*f**3 - 22*f**2 - 144. Let a be u(8). What is the highest common divisor of 96 and a?
48
Suppose -1143 + 531 = -n. What is the highest common factor of 1071 and n?
153
Let o be -1 + -1 + -1 - (9 - 15). Suppose 0 = q - 132 - 28. Suppose -o*p - 40 = -q. What is the greatest common factor of p and 8?
8
Suppose 3*l - 30 = q, l - 91 + 26 = 2*q. Let c = q + 40. Let y(n) = 29*n - 8. Let g be y(c). Calculate the greatest common factor of 15 and g.
15
Let v = 2 - 12. Let o = v - -23. Let w(p) = -107*p + 895. Let d be w(8). Calculate the greatest common divisor of d and o.
13
Suppose 0 = 3*i - 2511 + 2481, -3*z + 4*z = 5*i - 1. Let f = -2 + 2. Suppose 2*l - 3*l + 7 = f. Calculate the highest common divisor of l and z.
7
Suppose -649 = -3*q + 2*f, -2*f = q - 101 - 118. Calculate the highest common factor of 248 and q.
31
Suppose 0 = 4*d + x - 10146, 3*x + 6451 - 19144 = -5*d. What is the greatest common factor of d and 15?
15
Suppose 5*q = -15 + 30. Suppose -4*u + 10 = -2*j, 0 = -q*j - 2*j - 15. Let b be 14 + (u - 1) + (-2 - -2). What is the greatest common divisor of 112 and b?
14
Let d be ((-1)/2)/((-6)/24). Let x(v) = -3*v. Let b be x(0). Suppose 4*l + j = -b*j + 129, 4*j = -d*l + 82. What is the greatest common divisor of 248 and l?
31
Let b be 33/(-66) - ((-732)/8 + -3). What is the highest common factor of 4371 and b?
47
Let y(z) = 59*z**2 - 4*z + 33. Let w = -163 + 167. Let j be y(w). What is the highest common divisor of j and 31?
31
Suppose p = -5*c + 105, 5*p + 20*c - 27*c - 397 = 0. Calculate the highest common factor of p and 578.
17
Let g(n) = 2*n**2 - 2*n - 12. Let d be g(4). Let h = -61 + 97. Calculate the greatest common factor of d and h.
12
Suppose 0*y = 5*y + 65. Let s be 7688/52 - 2/y. Let x = -57 + s. Calculate the highest common factor of x and 13.
13
Suppose 5*k + u = 3*u + 93, 4*k = -2*u + 60. Let o = k + -14. Suppose -o*c + c = -112. What is the greatest common divisor of 16 and c?
8
Let h = 11968 - 11792. Suppose 2*b + 2*z - 108 = 0, -5*b - 4*z + 274 = -3*z. Calculate the highest common divisor of h and b.
11
Suppose 4*h = -5*r + 2671, -115*r + 120*r = h - 649. Calculate the highest common divisor of 64 and h.
8
Let g = -42838 - -43090. What is the highest common factor of 1694 and g?
14
Suppose 4*t = 3*f - 45, -2*f + 2*t + 45 - 15 = 0. Suppose -907 - 803 = -102*r - 12*r. What is the greatest common divisor of r and f?
15
Let k = -8153 - -9054. What is the greatest common divisor of k and 212?
53
Let t be (40/(-6))/(14/1407)*-2. Suppose -t = -25*w + 185. What is the greatest common factor of 671 and w?
61
Suppose 2*w - 38 = -3*f, -4*w - 2*f + 68 = -0*w. Suppose w*o - 14 = 146. Calculate the greatest common factor of 50 and o.
10
Suppose 3 - 15 = -3*o. Let y = -3841 - -3852. Let s be 4/(-88)*o - (-992)/y. What is the highest common factor of 18 and s?
18
Let c(u) = 74*u - 41. Let l(p) = 38*p - 20. Let h(x) = -6*c(x) + 11*l(x). Let r be h(-7). What is the greatest common factor of r and 16?
16
Suppose 3*c - 18663 = 3*h, -175*c = -178*c - h + 18639. What is the greatest common divisor of c and 55?
55
Let k = -3289 + 5914. What is the highest common divisor of 15 and k?
15
Suppose -206*i + 4 = -208*i, -5*m + 1654 = -2*i. Calculate the highest common factor of m and 22.
22
Suppose 0 = -39*r + 18974 + 6571. What is the highest common divisor of r and 5?
5
Suppose -12*x + 28 = 4. Suppose 4*t = -4*b + 1382 + 726, x*t = -b + 1049. Calculate the highest common factor of t and 58.
58
Let t be ((-60)/(-18) + -3)*(-11 + 155). Let u = -2 - 0. Let b be (-1110)/(-35) + u/(-7). Calculate the greatest common factor of t and b.
16
Suppose -13*v + 171190 = 78*v - 6*v. Calculate the greatest common factor of 530 and v.
106
Suppose -4*n = -7*n + 18. Let f(t) = 2*t**3 - 2*t**2 - 8*t + 3. Let y = -30 - -33. Let h be f(y). What is the highest common divisor of n and h?
3
Let x(g) = -g**2 - 36*g - 224. Let b be x(-25). Let m = 132 + -129. What is the greatest common factor of b and m?
3
Let g be 8/(-68) + 31752/833. Suppose 9*v = 7*v + 114. What is the highest common factor of g and v?
19
Let k be (-4497)/(-8) - (-2)/(-16) - 105/15. Calculate the highest common factor of 195 and k.
15
Let m be 50 - 54 - 126*(-7)/2. Let f = m - 298. Suppose -f + 19 = -4*r. Calculate the highest common divisor of 12 and r.
6
Let z = -9736 + 9744. Calculate the highest common factor of z and 1212.
4
Suppose 0 = -o - 12 + 14. Let r(y) = 12 - 8 + 2 + 0 - o*y. Let i be r(0). Calculate the highest common factor of i and 48.
6
Let y be 33 + (-100275)/(-120) + 38/16 + -2. Calculate the greatest common divisor of y and 55.
11
Let q be 680/((-8)/(-1)) - (-4 - 1) - 6. What is the greatest common factor of 204 and q?
12
Suppose 0 = j - 5*k - 620, -k + 2170 = 4*j - 394. Calculate the highest common factor of 240 and j.
80
Let b be (-1*(-1 + -1) - 3)*-4. Suppose 4*j - 266 = -15*d + 17*d, 2*j + b*d - 118 = 0. Calculate the greatest common factor of 78 and j.
13
Let t = -38 + 68. Let u be 3*10*5/t. What is the highest common factor of 55 and u?
5
Let h be (-3 - -2)*(-2 - 77). Let s(d) = 31*d - 67. Let c be s(6). Let v = c - h. What is the highest common divisor of 16 and v?
8
Suppose -6*f + 14 = -46. Let m(y) = -y**3 - 14*y**2 + 119*y + 25. Let n be m(-20). What is the greatest common divisor of f and n?
5
Let d(i) = -2*i - 42. Let r be d(-22). Suppose -6*y = r*z - 8*y - 86, 3*y = 6. What is the highest common factor of z and 15?
15
Let g(z) be the second derivative of z**4/12 - z**3/6 - 9*z**2/2 + 15*z. Let x be g(-4). Suppose -x = f 